**3 - 3*z**2 - 2*z. Calculate the remainder when a(-1) is divided by 8.
7
Let d(j) = j**3 - 7*j**2 - 22*j - 1. Let m be d(10). Let s = -46 + m. What is the remainder when s is divided by 6?
3
Calculate the remainder when 171 is divided by 91/(-65) + (-608)/(-20).
26
Suppose -8*k + 300 = 12*k. What is the remainder when 24 is divided by k?
9
Suppose 204 - 40 + 204 = 8*c. Let k = -424 - -652. What is the remainder when k is divided by c?
44
Suppose -4*l = -13 - 3. Suppose 2*d - 4*x = 30, 46 = 3*d - x - 4*x. What is the remainder when 75*(16/6)/l is divided by d?
16
Let t(n) = -n**3 - 11*n**2 - 23*n + 35. What is the remainder when 0 - 0 - 264/(-2) is divided by t(-8)?
24
Suppose 3*d = -2*m + 225, 138 = -4*m + 3*d + 579. What is the remainder when m is divided by 33?
12
Suppose -74*s + 1285 + 417 = 0. What is the remainder when 197 is divided by s?
13
Suppose 3 + 1577 = 10*r. Calculate the remainder when r is divided by 23.
20
Suppose 15 = 4*g + 3*z - 4*z, 4*z = 20. Suppose 2*m = -g*o - 8 + 94, 4*m = o - 4. What is the remainder when 143 is divided by o?
15
Let w(g) = -91*g + 4. Let x be w(-1). Suppose 5*t + x = 370. What is the remainder when t is divided by 19?
17
Suppose 5*x - 3*y + y = 350, 4*y = -x + 48. Calculate the remainder when x is divided by 15.
8
Let h(s) = s**3 - 20*s**2 + 54*s - 22. Calculate the remainder when h(17) is divided by 15.
14
Suppose 3*k - 16 + 7 = 0. Suppose -k*x = x. Suppose -2*g + x = -22. What is the remainder when 32 is divided by g?
10
Let p be (-681)/(-15) + -2 - 4/10. Let v = p + -17. What is the remainder when 128 is divided by v?
24
Let z = -436 + 442. What is the remainder when 53 is divided by z?
5
Suppose -962*r + 34 = -961*r. Calculate the remainder when r is divided by 7.
6
Suppose -42471 = -92*j - 51*j. Calculate the remainder when j is divided by 120.
57
Suppose -j - j + 357 = 3*o, -o = 5*j - 873. Suppose 5*i + 19 = j. Suppose 2*t = 5*t - 51. What is the remainder when i is divided by t?
14
Suppose 18*d = 323 + 109. What is the remainder when 380 is divided by d?
20
Let h = -228 - -346. Calculate the remainder when h is divided by 10.
8
Let w = -912 - -988. Calculate the remainder when w is divided by 25.
1
Let c = -9 + 8. Let q be ((-1)/(0 + 1))/c. Let d(y) = 12*y + 1. What is the remainder when 23 is divided by d(q)?
10
Let i = 243 - 168. What is the remainder when i is divided by 13?
10
Let m be 0/(-5) + 2*2. Suppose m*g + 130 = 2*z, -g + 5 = -2*g. Calculate the remainder when z is divided by (21/2)/(3/4).
13
Let y = -8 + 32. What is the remainder when 36 - (0 + 3 + -2) is divided by ((-27)/(-2))/(y/32)?
17
Let l = 77792 - 77735. Suppose 195 - 50 = 5*n. Let o = n + -14. Calculate the remainder when l is divided by o.
12
Let r(v) = -7*v - 18*v**2 + 0*v - v**3 - 15 + 7*v - 4*v. Let n(d) = 5*d - 5. Calculate the remainder when r(-18) is divided by n(5).
17
Suppose j + 1 = 16. What is the remainder when j is divided by 3?
0
Let t = 9 + -8. Let k = t + 9. Let z(f) = 2*f - 4. Calculate the remainder when z(k) is divided by 9.
7
Suppose 9*i + 5*d + 31 = 13*i, 0 = -2*i + 5*d + 23. What is the remainder when 8 is divided by i?
0
Suppose -5*g + 3*h + 52 = 0, -5 + 2 = -3*h. Let o = 61 - 42. Suppose 2*s - 3*l = 7*s - 32, -3*s - 2*l = -o. Calculate the remainder when g is divided by s.
4
Calculate the remainder when ((-613)/(-1) - 0) + (-25 - -22) is divided by 51.
49
Suppose o - 92 = -3*o. Suppose o*j = 22*j. Suppose j = 20*p - 17*p - 21. Calculate the remainder when 25 is divided by p.
4
Let s = -1267 + 1287. What is the remainder when 259 is divided by s?
19
Suppose -5*v = -3*v - 4. Calculate the remainder when 17 is divided by 12 - ((2 - v) + (-2 - -5)).
8
What is the remainder when 87 + (3 - -3) + -2 is divided by 26?
13
Let m(q) = -68*q + 610. What is the remainder when m(7) is divided by 68?
66
Let o = 5 + 0. Suppose 3 = 4*g - o. Calculate the remainder when 78 is divided by (-1 + g)*1 - -19.
18
Let m(q) = q**3 - 8*q**2 - 10*q + 7. Let a be m(9). Calculate the remainder when 55 is divided by (a*(-2 - -3))/((-1)/10).
15
Let h(s) = -2*s + 6. Let k be h(2). Suppose -3*c - 43 = -k*a, a - 2*c - 10 = 10. Calculate the remainder when 75 is divided by a.
23
Let z be (239 - 1)*(2 - 1 - 2). Calculate the remainder when 16/(-28)*z/4 is divided by 4.
2
Suppose 13*v + 0 = 104. Calculate the remainder when 60 is divided by v.
4
Let y be (8/12)/((-1)/(-3)). Suppose -105 = -5*l + y*l. Let v = -32 + 170. What is the remainder when v is divided by l?
33
Let l be ((-10)/5)/(0 + (-2)/(-74)). Let t = l + 169. Calculate the remainder when t is divided by 24.
23
Let k be (4 - 6/3)*(-2)/4. Let g = 62 + -39. Calculate the remainder when g is divided by (k - 3) + 19 + -2.
10
Let a(t) = -18*t**3 + t + 1. Let m be a(-1). Suppose -5*y - 4*s + 5 = -2, 3*s = 4*y - m. Calculate the remainder when 8 is divided by y + 1 + -4 + 5.
3
Let q = -162 - -269. Suppose q = b - 0*b. Calculate the remainder when b is divided by 28.
23
Let k(m) = -24*m - 155. What is the remainder when k(-8) is divided by 19?
18
Let n(p) = p**3 + 43*p**2 + 40*p + 31. What is the remainder when n(-42) is divided by 70?
45
Let b(z) = 8*z**2 + 55*z + 27. Suppose 0 = 2*l - 4*l + 132. What is the remainder when l is divided by b(-7)?
32
Let i = 1066 - 1019. What is the remainder when 120 is divided by i?
26
Suppose 0 = 32*z + 80 - 464. Calculate the remainder when z is divided by (-10)/(-15) + (-22)/(-3).
4
Let v(x) = -16*x - 39. What is the remainder when 60 is divided by v(-3)?
6
Let x = -158 - -160. What is the remainder when 23 is divided by x?
1
Calculate the remainder when 286 is divided by (-1 + 5)*(-10 + 8 - -10).
30
Suppose 0*f - 4*f + 142 = -2*u, -3*f - 5*u = -74. Suppose c - f = -0*c. Calculate the remainder when c is divided by 9/(-6)*(-8 - -2).
6
Suppose -4*h + 0*h = -1376. Calculate the remainder when ((-1866)/(-27))/2 + (-152)/(-342) is divided by 4/(-14) - h/(-28).
11
Suppose -2*s + 2*a + a = -66, -5*a = 4*s - 154. Suppose -3*y + 5*z + 32 + 103 = 0, 34 = y + 2*z. Let g = y - 27. What is the remainder when s is divided by g?
10
Suppose 5*v + 2*u - 15 = -0*v, v = -5*u + 3. Suppose -46 = -v*h + 23. What is the remainder when 44 is divided by h?
21
Let g(o) = 44*o + 80. What is the remainder when 130 is divided by g(-1)?
22
Let t = 9 + -7. Suppose t*w + w = 150. Suppose 2*x + w + 10 = 4*c, 5*x = 5*c - 80. What is the remainder when 39 is divided by c?
11
Let b = 8 + -5. Suppose 67 = 2*s + v, -s - 5*v = -2*s + 17. Suppose -h + s = b*h. Calculate the remainder when 28 is divided by h.
4
Let t(x) = 3*x**2 - 72*x + 121. Calculate the remainder when 362 is divided by t(23).
50
Let j = 23 - 7. Let w be ((-15)/10)/(3/j). Let t = 24 + w. What is the remainder when 29 is divided by t?
13
Suppose n + 29 + 17 = 4*s, -2*n - 48 = -4*s. What is the remainder when 1055 is divided by s?
10
Let y = -121 - -150. Let a = -10 + 92. Calculate the remainder when a is divided by y.
24
Let p(v) = -2*v**3 + 7*v**2 + 4. Let b be p(5). Let x = b - -92. Let m(t) = -6*t - 1. Calculate the remainder when x is divided by m(-2).
10
Suppose 4*t = 2*i + 8*t - 44, -4*t - 116 = -3*i. Calculate the remainder when i is divided by 7.
4
Suppose -9 = -u + 9. Suppose -p = 5*j - 567, 2*p = -0*p - 6. Suppose 0*v - j = -3*v - 3*w, -v + 18 = -3*w. Calculate the remainder when v is divided by u.
15
Suppose 3*h - 4*r - 80 = 0, 5*h - r - 120 = 3*r. Let g be ((-128)/(-20))/(1/(-5)). Let b = g + 70. What is the remainder when b is divided by h?
18
Suppose 5*m - 3*m + 2*b - 28 = 0, 2*b = 6. What is the remainder when 39 is divided by m?
6
Let v(c) = 38*c - 23. Calculate the remainder when v(3) is divided by 23.
22
Let v = 53 - 33. Let c = -8 - -12. Suppose c*y - 45 = u, 2*u = y + 3*y - 46. What is the remainder when v is divided by y?
9
Let p(u) = -2*u + 43. Let w be p(-14). Let o = -65 + w. What is the remainder when o is divided by 5?
1
Suppose -11 = 4*j - 4*d + 1, -3*j - 4*d = -5. Calculate the remainder when 62 is divided by j/(-3*(-4)/(-300)).
12
Suppose 63*d - 9363 = -3441. Calculate the remainder when d is divided by 1.
0
Let w(t) = -t**3 + t**2 + 2*t + 3. Suppose -6*h + 5*h = 0. Suppose 0*b + 5*b + 10 = h. What is the remainder when w(b) is divided by 4?
3
Let y = -17 - -41. Suppose 4*r - 12 = -4*t,